(-20).
-6
Let k(i) = 10*i + 328. What is k(-33)?
-2
Let n(c) = -c**2 + 14*c + 30. Calculate n(-2).
-2
Let w(i) = -i**3 + 7*i**2 + 5*i - 5. Determine w(6).
61
Let g(m) = m**2 + 13*m - 9. Give g(-13).
-9
Let k(o) = -o**2 - 12*o + 36. What is k(-15)?
-9
Let m(i) = i**3 + 20*i**2 - 43*i + 10. Determine m(-22).
-12
Let n(z) = z**2 - 37*z + 67. Give n(35).
-3
Let y(s) = -s**3 - s**2 - 9*s + 27. What is y(3)?
-36
Let s(m) = -m**2 + 33*m + 97. Give s(35).
27
Let y(r) = -r**2 + 12*r - 8. Give y(6).
28
Let h(j) = -3*j**2 + 16*j + 8. Calculate h(7).
-27
Let d(u) = 13*u**2 + 5*u + 3. Determine d(2).
65
Let w(i) = -6*i - 142. Determine w(-31).
44
Let s(n) = -6*n**2 + 2*n + 6. Determine s(-2).
-22
Let i(v) = v**3 - 15*v**2 - 15*v - 13. Calculate i(16).
3
Let p(x) = -x**3 + 2*x**2 + 20*x - 19. Determine p(5).
6
Let t(s) = -s**3 + 47*s**2 - 49*s + 138. What is t(46)?
0
Let l(w) = w**2 - 14*w + 22. Determine l(0).
22
Let k(h) = h**3 + 5*h**2 - h - 23. Calculate k(-4).
-3
Let f(c) = c**3 - c - 1. Give f(-2).
-7
Let w(y) = -2*y**3 - 56*y**2 - 48*y + 165. What is w(-27)?
3
Let t(b) = -b - 16. Give t(-14).
-2
Let l(a) = -14*a - 79. Determine l(-6).
5
Let p(a) = -a**3 - 23*a**2 - 5*a + 71. Give p(-23).
186
Let g(p) = -p - 8. Determine g(-8).
0
Let i(n) = n**2 + 3*n - 10. What is i(-8)?
30
Let l(p) = 20*p - 217. Determine l(11).
3
Let o(c) = -c - 1. Determine o(-7).
6
Let l(i) = -7*i + 1. Determine l(-1).
8
Let f(i) = i**3 - 2*i**2 - 22*i - 15. What is f(6)?
-3
Let c(v) = 3*v**2 + 23*v + 4. What is c(-7)?
-10
Let y(p) = -p**3 - 8*p**2 - 6*p + 14. Determine y(-7).
7
Let m(t) = -t**3 - 18*t**2 - 19*t - 31. Give m(-17).
3
Let y(h) = -66*h - 399. Give y(-6).
-3
Let d(u) = 2*u + 19. Give d(-2).
15
Let r(i) = -10*i - 9. Give r(-7).
61
Let n(i) = 10*i - 4. Calculate n(2).
16
Let h(t) = -t**2 + 45*t - 36. What is h(44)?
8
Let h(g) = -10*g**2 + g. Give h(2).
-38
Let g(q) = -3*q - 3. What is g(-2)?
3
Let w(h) = -h - 1. What is w(-4)?
3
Let t(g) = -g**2 - 33*g - 25. Give t(-29).
91
Let l(u) = 25*u - 319. Give l(13).
6
Let w(x) = 11*x - 143. Give w(13).
0
Let v(w) = 10*w + 4. Determine v(-4).
-36
Let b(m) = m**3 - 20*m**2 + 3*m - 62. Determine b(20).
-2
Let b(p) = 7*p**2 - p. What is b(1)?
6
Let o(r) = 4*r. What is o(9)?
36
Let x(u) = u**3 + 8*u**2 - 7*u + 7. Calculate x(-9).
-11
Let j(k) = -k**3 - 12*k**2 - 13*k - 20. Give j(-11).
2
Let a(t) = 9*t + 20. What is a(-5)?
-25
Let b(j) = 3*j**2 + 122*j + 298. What is b(-38)?
-6
Let m(j) = -4*j - 5. What is m(-3)?
7
Let y(o) = o**2 - 27*o + 163. Determine y(11).
-13
Let n(x) = x**3 - 10*x**2 + 3*x + 14. Give n(10).
44
Let f(w) = 6*w**3 + 5*w**2 - 8*w + 2. Calculate f(1).
5
Let m(v) = v**2 + 2*v + 4. Calculate m(-4).
12
Let g(p) = 3*p**3 + 60*p**2 - 2*p - 34. Give g(-20).
6
Let z(f) = -f**2 + 26*f - 168. What is z(8)?
-24
Let y(d) = -52*d - 204. What is y(-4)?
4
Let p(j) = -5*j - 23. Give p(-6).
7
Let x(b) = -2*b**2 - 55*b - 135. What is x(-25)?
-10
Let t(q) = -q + 31. Determine t(19).
12
Let b(s) = 5*s - 7. Give b(16).
73
Let g(c) = c**3 + 22*c**2 + 123*c + 24. Calculate g(-12).
-12
Let h(j) = -j - 7. What is h(-3)?
-4
Let s(b) = -b + 11. Give s(14).
-3
Let x(q) = q**3 - 20*q**2 - 45*q + 17. Determine x(22).
-5
Let l(y) = 4*y**2 + 6*y - 1. Determine l(4).
87
Let q(d) = 26*d + 1. What is q(1)?
27
Let a(v) = -41*v - 10. Give a(0).
-10
Let c(t) = -t**2 + 7. Give c(-5).
-18
Let g(d) = -3*d**2 - 42*d - 105. Determine g(-11).
-6
Let u(h) = h**3 - 5*h**2 + 22*h - 78. Determine u(4).
-6
Let r(t) = 2*t**2 - t. What is r(-1)?
3
Let z(y) = -3*y + 66. Determine z(23).
-3
Let o(k) = -k**3 - 3*k**2 + 7*k + 3. Calculate o(-5).
18
Let j(u) = u**3 - 14*u**2 - 51*u + 8. What is j(17)?
8
Let l(z) = 9*z + 1. What is l(-1)?
-8
Let v(l) = l**2 - 4*l - 18. Calculate v(-6).
42
Let q(d) = 3*d**3 + 21*d**2 + 20*d + 16. What is q(-6)?
4
Let i(a) = -2*a**3 - 9*a**2 + 2*a - 9. Determine i(-5).
6
Let m(g) = -30*g**2 + 2*g. Determine m(-1).
-32
Let k(c) = -3*c**2 - 91*c - 36. Determine k(-30).
-6
Let f(y) = y**3 - 7*y**2 + 5*y - 7. Determine f(5).
-32
Let v(f) = -f**3 - 12*f**2 + 9*f - 3. Give v(-13).
49
Let v(o) = -3*o - 12. Determine v(-7).
9
Let x(p) = -p**3 + 11*p**2 - 4*p + 38. Determine x(11).
-6
Let n(o) = -39*o - 51. What is n(-1)?
-12
Let p(m) = -2*m + 7. What is p(-9)?
25
Let l(n) = n**3 - 8*n**2 + 3*n + 14. Calculate l(7).
-14
Let b(k) = -9*k + 45. Determine b(5).
0
Let w(u) = -u**2 + 9*u + 17. What is w(11)?
-5
Let t(z) = -z**3 + 9*z**2 - 7*z - 5. Give t(8).
3
Let z(k) = -k**3 + 4*k**2 - 6*k + 2. Give z(2).
-2
Let i(g) = g**3 - 8*g**2 - 10*g + 2. What is i(9)?
-7
Let p(m) = -m**3 + m**2 + 7*m + 2. Give p(-5).
117
Let n(p) = 2*p - 10. Determine n(6).
2
Let l(p) = 2*p**2 - 65*p + 140. Calculate l(30).
-10
Let j(h) = h**3 + 12*h**2 - 14*h + 9. Give j(-13).
22
Let t(d) = 3*d**2 - 5*d - 4. What is t(-3)?
38
Let l(c) = -2*c**2 - 4*c + 5. What is l(-4)?
-11
Let z(o) = 15*o**2 + 11*o - 1. What is z(-2)?
37
Let g(j) = 2*j**3 - 19*j**2 + 37*j - 12. Calculate g(7).
2
Let k(c) = -9*c**2 - 47*c + 6. Give k(-5).
16
Let m(g) = -9*g - 82. Determine m(-10).
8
Let v(q) = -6*q + 55. Calculate v(10).
-5
Let r(a) = -a**3 - 10*a**2 - 4*a - 3. Determine r(-9).
-48
Let s(h) = 66*h + 2. What is s(-1)?
-64
Let s(y) = -19*y + 25. What is s(1)?
6
Let l(j) = -2*j**2 + 20*j - 11. What is l(9)?
7
Let d(o) = o - 7. Give d(16).
9
Let m(y) = -y**3 - 9*y**2 - 16*y - 11. Determine m(-6).
-23
Let w(b) = -5*b + 83. Give w(25).
-42
Let w(t) = t**3 - 2*t**2 - 25*t + 51. Calculate w(5).
1
Let c(d) = -2*d - 12. Calculate c(-10).
8
Let a(d) = -3*d - 28. Give a(-8).
-4
Let b(g) = -g**3 - 7*g**2 - 8*g + 1. Give b(-6).
13
Let x(i) = i**2 + 4*i + 16. Calculate x(-5).
21
Let p(l) = 17*l - 1. Give p(2).
33
Let f(h) = h + 4. Give f(-8).
-4
Let x(l) = l**2 + 5*l + 6. Calculate x(-5).
6
Let v(p) = -p**3 + 10*p**2 - 16*p + 1. Calculate v(8).
1
Let a(k) = k**2 - 22*k - 25. Calculate a(20).
-65
Let q(p) = 71*p**2 - 2840*p + 6. Calculate q(40).
6
Let u(k) = k**3 + 3*k**2 - 2*k + 7. Determine u(-4).
-1
Let b(k) = -58*k**3 + k**2 - 2. What is b(1)?
-59
Let b(z) = -z - 44. Calculate b(-40).
-4
Let u(q) = 28*q + 79. Give u(-3).
-5
Let a(u) = -2*u**2 + 21*u - 36. Give a(7).
13
Let p(t) = -t**3 - 29*t**2 + 170*t + 6. Determine p(5).
6
Let i(k) = 4*k**2 - 4*k + 3. Determine i(2).
11
Let a(r) = 6*r**2 - 8*r + 6. Calculate a(0).
6
Let h(v) = -v**3 + 30*v**2 + 67*v - 102. What is h(32)?
-6
Let m(f) = -f**3 - 8*f**2 - 3*f - 7. What is m(-7)?
-35
Let z(c) = c**3 + 11*c**2 - 13*c - 8. Give z(-12).
4
Let m(c) = -3*c**3 - 2*c**2 - 2*c + 1. Calculate m(-2).
21
Let b(z) = z**3 + 7*z**2 - 9*z - 4. Give b(-8).
4
Let m(c) = -c**2 - 2*c - 1. Give m(3).
-16
Let j(w) = 3*w**3 - 3*w**2 + 2*w - 12. Give j(2).
4
Let d(v) = v**2 + 5. Give d(-4).
21
Let k(j) = j**3 - 8*j**2 - 10*j + 6. Determine k(9).
-3
Let f(d) = 2*d**2 + 15*d + 13. Calculate f(-6).
-5
Let b(u) = -6*u + 4. Determine b(-4).
28
Let l(p) = -p**2 + 11*p - 26. Give l(8).
-2
Let b(r) = 19*r + 22. What is b(4)?
98
Let t(g) = g**3 + 31*g**2 + 57*g - 17. Determine t(-29).
12
Let i(m) = m**3 - 8*m**2 + 11*m + 6. Determine i(6).
0
Let x(m) = m**3 - 10*m**2 + 10*m + 10. Determine x(9).
19
Let l(s) = -s**3 + 11*s**2 - 14. What is l(11)?
-14
Let l(o) = o**2 + o - 9. What is l(3)?
3
Let v(n) = 17*n**3 - 2*n**2 - n - 3. Calculate v(-2).
-145
Let h(g) = -g**2 + 19*g + 155. Determine h(-6).
5
Let c(q) = 16*q - 73. What is c(4)?
-9
Let v(i) = -i**3 - 14*i**2 - 11*i + 32. Determine v(-13).
6
Let w(t) = -t**3 + 32*t**2 + 30*t + 105. Determine w(33).
6
Let s(g) = g**3 - 5*g**2. Determine s(4).
-16
Let s(w) = 18*w**2 - 6*w + 2. What is s(2)?
62
Let q(m) = -m**2 + 11*m + 23. Give q(13).
-3
Let o(g) = -2*g**2 - 32*g - 47. What is o(-13)?
31
Let z(i) = 11*i - 12. Give z(8).
76
Let h(l) = 2*l + 19. Give h(-4).
11
Let g(d) = -8*d + 1. Give g(1).
-7
Let h(n) = -5*n**2 - 3*n + 3. Give h(-3).
-33
Let t(l) = -l**3 + 9*l**2 - 8*l - 5. Give t(8).
-5
Let m(g) = 5*g**2 - 4*g - 1. Determine m(-1).
8
Let y(x) = x**3 + 7*x**2 + 5*x. Determine y(-4).
28
Let r(a) = 2*a**2 - 2*a + 2. Determine r(4).
26
Let u(s) = -50*s - 111. Determine u(-2).
-11
Let z(n) = 9*n + 9. Calculate z(7).
72
Let m(b) = 14*b - 180. Give m(13).
2
Let t(s) = -11*s - 37. What is t(0)?
-37
Let f(p) = p**2 - 2*p + 1. Give f(3).
4
